[INFO] fetching crate rbatis_drivers 1.0.2...
[INFO] checking rbatis_drivers-1.0.2 against master#af3c6e733a40e671550e0f0f5aeecaa13772ba56 for pr-74989
[INFO] extracting crate rbatis_drivers 1.0.2 into /workspace/builds/worker-4/source
[INFO] validating manifest of crates.io crate rbatis_drivers 1.0.2 on toolchain af3c6e733a40e671550e0f0f5aeecaa13772ba56
[INFO] running `Command { std: "/workspace/cargo-home/bin/cargo" "+af3c6e733a40e671550e0f0f5aeecaa13772ba56" "read-manifest" "--manifest-path" "Cargo.toml", kill_on_drop: false }`
[INFO] started tweaking crates.io crate rbatis_drivers 1.0.2
[INFO] finished tweaking crates.io crate rbatis_drivers 1.0.2
[INFO] tweaked toml for crates.io crate rbatis_drivers 1.0.2 written to /workspace/builds/worker-4/source/Cargo.toml
[INFO] running `Command { std: "/workspace/cargo-home/bin/cargo" "+af3c6e733a40e671550e0f0f5aeecaa13772ba56" "generate-lockfile" "--manifest-path" "Cargo.toml" "-Zno-index-update", kill_on_drop: false }`
[INFO] running `Command { std: "/workspace/cargo-home/bin/cargo" "+af3c6e733a40e671550e0f0f5aeecaa13772ba56" "fetch" "--locked" "--manifest-path" "Cargo.toml", kill_on_drop: false }`
[INFO] running `Command { std: "docker" "create" "-v" "/var/lib/crater-agent-workspace/builds/worker-4/target:/opt/rustwide/target:rw,Z" "-v" "/var/lib/crater-agent-workspace/builds/worker-4/source:/opt/rustwide/workdir:ro,Z" "-v" "/var/lib/crater-agent-workspace/cargo-home:/opt/rustwide/cargo-home:ro,Z" "-v" "/var/lib/crater-agent-workspace/rustup-home:/opt/rustwide/rustup-home:ro,Z" "-e" "SOURCE_DIR=/opt/rustwide/workdir" "-e" "CARGO_TARGET_DIR=/opt/rustwide/target" "-e" "CARGO_HOME=/opt/rustwide/cargo-home" "-e" "RUSTUP_HOME=/opt/rustwide/rustup-home" "-w" "/opt/rustwide/workdir" "-m" "1610612736" "--user" "0:0" "--network" "none" "rustops/crates-build-env@sha256:d92eaeed33fa75130ca1ee6c8a01d1ffb62bac859dfdfb3450e3e5d1c0146529" "/opt/rustwide/cargo-home/bin/cargo" "+af3c6e733a40e671550e0f0f5aeecaa13772ba56" "metadata" "--no-deps" "--format-version=1", kill_on_drop: false }`
[INFO] [stderr] WARNING: Your kernel does not support swap limit capabilities or the cgroup is not mounted. Memory limited without swap.
[INFO] [stdout] d7a3f2cd6b0e7de692b99247e59d9e1a56f4b9f6afd9c715dbc387b22df772c2
[INFO] running `Command { std: "docker" "start" "-a" "d7a3f2cd6b0e7de692b99247e59d9e1a56f4b9f6afd9c715dbc387b22df772c2", kill_on_drop: false }`
[INFO] running `Command { std: "docker" "inspect" "d7a3f2cd6b0e7de692b99247e59d9e1a56f4b9f6afd9c715dbc387b22df772c2", kill_on_drop: false }`
[INFO] running `Command { std: "docker" "rm" "-f" "d7a3f2cd6b0e7de692b99247e59d9e1a56f4b9f6afd9c715dbc387b22df772c2", kill_on_drop: false }`
[INFO] [stdout] d7a3f2cd6b0e7de692b99247e59d9e1a56f4b9f6afd9c715dbc387b22df772c2
[INFO] running `Command { std: "docker" "create" "-v" "/var/lib/crater-agent-workspace/builds/worker-4/target:/opt/rustwide/target:rw,Z" "-v" "/var/lib/crater-agent-workspace/builds/worker-4/source:/opt/rustwide/workdir:ro,Z" "-v" "/var/lib/crater-agent-workspace/cargo-home:/opt/rustwide/cargo-home:ro,Z" "-v" "/var/lib/crater-agent-workspace/rustup-home:/opt/rustwide/rustup-home:ro,Z" "-e" "SOURCE_DIR=/opt/rustwide/workdir" "-e" "CARGO_TARGET_DIR=/opt/rustwide/target" "-e" "CARGO_INCREMENTAL=0" "-e" "RUST_BACKTRACE=full" "-e" "RUSTFLAGS=--cap-lints=forbid" "-e" "CARGO_HOME=/opt/rustwide/cargo-home" "-e" "RUSTUP_HOME=/opt/rustwide/rustup-home" "-w" "/opt/rustwide/workdir" "-m" "1610612736" "--user" "0:0" "--network" "none" "rustops/crates-build-env@sha256:d92eaeed33fa75130ca1ee6c8a01d1ffb62bac859dfdfb3450e3e5d1c0146529" "/opt/rustwide/cargo-home/bin/cargo" "+af3c6e733a40e671550e0f0f5aeecaa13772ba56" "check" "--frozen" "--all" "--all-targets" "--message-format=json", kill_on_drop: false }`
[INFO] [stdout] 0ac409dd809181ca88591c90142669c07a6092094e357423e68c55d151fd9848
[INFO] [stderr] WARNING: Your kernel does not support swap limit capabilities or the cgroup is not mounted. Memory limited without swap.
[INFO] running `Command { std: "docker" "start" "-a" "0ac409dd809181ca88591c90142669c07a6092094e357423e68c55d151fd9848", kill_on_drop: false }`
[INFO] [stderr]    Compiling libc v0.2.77
[INFO] [stderr]    Compiling cc v1.0.59
[INFO] [stderr]    Compiling typenum v1.12.0
[INFO] [stderr]    Compiling pkg-config v0.3.18
[INFO] [stderr]    Compiling proc-macro2 v1.0.21
[INFO] [stderr]    Compiling byteorder v1.3.4
[INFO] [stderr]    Compiling unicode-xid v0.2.1
[INFO] [stderr]    Compiling semver-parser v0.7.0
[INFO] [stderr]    Compiling getrandom v0.1.15
[INFO] [stderr]     Checking tinyvec v0.3.4
[INFO] [stderr]     Checking matches v0.1.8
[INFO] [stderr]    Compiling ryu v1.0.5
[INFO] [stderr]     Checking fake-simd v0.1.2
[INFO] [stderr]    Compiling serde v1.0.116
[INFO] [stderr]    Compiling memchr v2.3.3
[INFO] [stderr]     Checking arrayref v0.3.6
[INFO] [stderr]     Checking ppv-lite86 v0.2.9
[INFO] [stderr]    Compiling failure_derive v0.1.8
[INFO] [stderr]    Compiling crc32fast v1.2.0
[INFO] [stderr]     Checking constant_time_eq v0.1.5
[INFO] [stderr]     Checking foreign-types-shared v0.1.1
[INFO] [stderr]    Compiling openssl v0.10.30
[INFO] [stderr]    Compiling serde_json v1.0.57
[INFO] [stderr]    Compiling native-tls v0.2.4
[INFO] [stderr]     Checking itoa v0.4.6
[INFO] [stderr]     Checking regex-syntax v0.6.18
[INFO] [stderr]    Compiling io-enum v0.2.3
[INFO] [stderr]     Checking openssl-probe v0.1.2
[INFO] [stderr]     Checking percent-encoding v2.1.0
[INFO] [stderr]     Checking void v1.0.2
[INFO] [stderr]     Checking fnv v1.0.7
[INFO] [stderr]    Compiling num-traits v0.2.12
[INFO] [stderr]    Compiling num-integer v0.1.43
[INFO] [stderr]    Compiling num-bigint v0.2.6
[INFO] [stderr]     Checking unicode-bidi v0.3.4
[INFO] [stderr]     Checking thread_local v1.0.1
[INFO] [stderr]    Compiling semver v0.9.0
[INFO] [stderr]     Checking unicode-normalization v0.1.13
[INFO] [stderr]     Checking block-padding v0.1.5
[INFO] [stderr]     Checking block-buffer v0.3.3
[INFO] [stderr]     Checking foreign-types v0.3.2
[INFO] [stderr]     Checking log v0.4.11
[INFO] [stderr]    Compiling rustc_version v0.2.3
[INFO] [stderr]     Checking sqlparser v0.5.1
[INFO] [stderr]     Checking aho-corasick v0.7.13
[INFO] [stderr]     Checking base64 v0.6.0
[INFO] [stderr]    Compiling openssl-sys v0.9.58
[INFO] [stderr]    Compiling backtrace-sys v0.1.37
[INFO] [stderr]    Compiling libz-sys v1.1.2
[INFO] [stderr]    Compiling lexical-core v0.6.7
[INFO] [stderr]    Compiling lexical v4.2.0
[INFO] [stderr]    Compiling quote v1.0.7
[INFO] [stderr]     Checking stringprep v0.1.2
[INFO] [stderr]     Checking idna v0.2.0
[INFO] [stderr]     Checking generic-array v0.9.0
[INFO] [stderr]     Checking generic-array v0.12.3
[INFO] [stderr]    Compiling syn v1.0.40
[INFO] [stderr]     Checking digest v0.7.6
[INFO] [stderr]     Checking crypto-mac v0.5.2
[INFO] [stderr]     Checking digest v0.8.1
[INFO] [stderr]     Checking block-buffer v0.7.3
[INFO] [stderr]     Checking sha2 v0.7.1
[INFO] [stderr]     Checking hmac v0.5.0
[INFO] [stderr]     Checking sha2 v0.8.2
[INFO] [stderr]     Checking url v2.1.1
[INFO] [stderr]     Checking iovec v0.1.4
[INFO] [stderr]     Checking rand v0.4.6
[INFO] [stderr]     Checking memchr v1.0.2
[INFO] [stderr]     Checking time v0.1.44
[INFO] [stderr]     Checking flate2 v1.0.17
[INFO] [stderr]     Checking socket2 v0.3.15
[INFO] [stderr]     Checking nix v0.15.0
[INFO] [stderr]     Checking net2 v0.2.35
[INFO] [stderr]     Checking backtrace v0.3.41
[INFO] [stderr]     Checking bytes v0.4.12
[INFO] [stderr]     Checking rand_core v0.5.1
[INFO] [stderr]     Checking chrono v0.4.15
[INFO] [stderr]     Checking rand v0.3.23
[INFO] [stderr]     Checking postgres-protocol v0.3.2
[INFO] [stderr]     Checking rand_chacha v0.2.2
[INFO] [stderr]     Checking rand v0.7.3
[INFO] [stderr]     Checking regex v1.3.9
[INFO] [stderr]     Checking postgres-shared v0.4.2
[INFO] [stderr]     Checking postgres v0.15.2
[INFO] [stderr]     Checking twox-hash v1.5.0
[INFO] [stderr]     Checking bigdecimal v0.1.2
[INFO] [stderr]     Checking rust_decimal v1.7.0
[INFO] [stderr]    Compiling synstructure v0.12.4
[INFO] [stderr]    Compiling derive_utils v0.10.0
[INFO] [stderr]     Checking failure v0.1.8
[INFO] [stderr]     Checking mysql_common v0.19.2
[INFO] [stderr]     Checking mysql v17.0.0
[INFO] [stderr]     Checking rbatis_drivers v1.0.2 (/opt/rustwide/workdir)
[INFO] [stdout] warning: unused import: `std::sync::Mutex`
[INFO] [stdout]   --> src/mysql/mod.rs:27:5
[INFO] [stdout]    |
[INFO] [stdout] 27 | use std::sync::Mutex;
[INFO] [stdout]    |     ^^^^^^^^^^^^^^^^
[INFO] [stdout]    |
[INFO] [stdout]    = note: `#[warn(unused_imports)]` on by default
[INFO] [stdout] 
[INFO] [stdout] 
[INFO] [stdout] warning: unused import: `crate::time_util::count_time_tps`
[INFO] [stdout]   --> src/mysql/mod.rs:25:5
[INFO] [stdout]    |
[INFO] [stdout] 25 | use crate::time_util::count_time_tps;
[INFO] [stdout]    |     ^^^^^^^^^^^^^^^^^^^^^^^^^^^^^^^^
[INFO] [stdout]    |
[INFO] [stdout]    = note: `#[warn(unused_imports)]` on by default
[INFO] [stdout] 
[INFO] [stdout] 
[INFO] [stdout] warning: unused import: `std::time::SystemTime`
[INFO] [stdout]   --> src/mysql/mod.rs:26:5
[INFO] [stdout]    |
[INFO] [stdout] 26 | use std::time::SystemTime;
[INFO] [stdout]    |     ^^^^^^^^^^^^^^^^^^^^^
[INFO] [stdout] 
[INFO] [stdout] 
[INFO] [stdout] warning: unused import: `std::sync::Mutex`
[INFO] [stdout]   --> src/mysql/mod.rs:27:5
[INFO] [stdout]    |
[INFO] [stdout] 27 | use std::sync::Mutex;
[INFO] [stdout]    |     ^^^^^^^^^^^^^^^^
[INFO] [stdout] 
[INFO] [stdout] 
[INFO] [stdout] error[E0308]: mismatched types
[INFO] [stdout]    --> src/mysql/mod.rs:255:38
[INFO] [stdout]     |
[INFO] [stdout] 255 | ...                   keyword: "".to_owned(),
[INFO] [stdout]     |                                ^^^^^^^^^^^^^ expected enum `Keyword`, found struct `std::string::String`
[INFO] [stdout] 
[INFO] [stdout] 
[INFO] [stdout] error[E0308]: mismatched types
[INFO] [stdout]    --> src/mysql/mod.rs:255:38
[INFO] [stdout]     |
[INFO] [stdout] 255 | ...                   keyword: "".to_owned(),
[INFO] [stdout]     |                                ^^^^^^^^^^^^^ expected enum `Keyword`, found struct `std::string::String`
[INFO] [stdout] 
[INFO] [stdout] 
[INFO] [stdout] error[E0308]: mismatched types
[INFO] [stdout]   --> src/postgres/mod.rs:74:34
[INFO] [stdout]    |
[INFO] [stdout] 74 |                         keyword: "".to_owned(),
[INFO] [stdout]    |                                  ^^^^^^^^^^^^^ expected enum `Keyword`, found struct `std::string::String`
[INFO] [stdout] 
[INFO] [stdout] 
[INFO] [stdout] warning: unused import: `ResultSet`
[INFO] [stdout]   --> src/mysql/mod.rs:24:20
[INFO] [stdout]    |
[INFO] [stdout] 24 | use crate::{Error, ResultSet, Driver, Connection};
[INFO] [stdout]    |                    ^^^^^^^^^
[INFO] [stdout] 
[INFO] [stdout] 
[INFO] [stdout] warning: unused import: `ResultSet`
[INFO] [stdout]   --> src/postgres/mod.rs:28:28
[INFO] [stdout]    |
[INFO] [stdout] 28 | use crate::{Column, Error, ResultSet};
[INFO] [stdout]    |                            ^^^^^^^^^
[INFO] [stdout] 
[INFO] [stdout] 
[INFO] [stdout] error: aborting due to 2 previous errors; 5 warnings emitted
[INFO] [stdout] 
[INFO] [stdout] 
[INFO] [stdout] For more information about this error, try `rustc --explain E0308`.
[INFO] [stdout] 
[INFO] [stderr] error: could not compile `rbatis_drivers`.
[INFO] [stderr] 
[INFO] [stderr] To learn more, run the command again with --verbose.
[INFO] [stderr] warning: build failed, waiting for other jobs to finish...
[INFO] [stdout] error[E0308]: mismatched types
[INFO] [stdout]   --> src/postgres/mod.rs:74:34
[INFO] [stdout]    |
[INFO] [stdout] 74 |                         keyword: "".to_owned(),
[INFO] [stdout]    |                                  ^^^^^^^^^^^^^ expected enum `Keyword`, found struct `std::string::String`
[INFO] [stdout] 
[INFO] [stdout] 
[INFO] [stdout] warning: unused import: `ResultSet`
[INFO] [stdout]   --> src/mysql/mod.rs:24:20
[INFO] [stdout]    |
[INFO] [stdout] 24 | use crate::{Error, ResultSet, Driver, Connection};
[INFO] [stdout]    |                    ^^^^^^^^^
[INFO] [stdout] 
[INFO] [stdout] 
[INFO] [stdout] warning: unused import: `ResultSet`
[INFO] [stdout]   --> src/postgres/mod.rs:28:28
[INFO] [stdout]    |
[INFO] [stdout] 28 | use crate::{Column, Error, ResultSet};
[INFO] [stdout]    |                            ^^^^^^^^^
[INFO] [stdout] 
[INFO] [stdout] 
[INFO] [stdout] error: aborting due to 2 previous errors; 3 warnings emitted
[INFO] [stdout] 
[INFO] [stdout] 
[INFO] [stdout] For more information about this error, try `rustc --explain E0308`.
[INFO] [stdout] 
[INFO] [stderr] error: build failed
[INFO] running `Command { std: "docker" "inspect" "0ac409dd809181ca88591c90142669c07a6092094e357423e68c55d151fd9848", kill_on_drop: false }`
[INFO] running `Command { std: "docker" "rm" "-f" "0ac409dd809181ca88591c90142669c07a6092094e357423e68c55d151fd9848", kill_on_drop: false }`
[INFO] [stdout] 0ac409dd809181ca88591c90142669c07a6092094e357423e68c55d151fd9848
